{"id":204,"date":"2020-10-06T21:53:45","date_gmt":"2020-10-06T19:53:45","guid":{"rendered":"https:\/\/www.sdhceskabriza.cz\/?page_id=204"},"modified":"2026-04-17T10:11:20","modified_gmt":"2026-04-17T08:11:20","slug":"slozeni-kolektivu","status":"publish","type":"page","link":"https:\/\/www.sdhceskabriza.cz\/?page_id=204","title":{"rendered":"Slo\u017een\u00ed kolektivu"},"content":{"rendered":"\n<p><strong>VEDOUC\u00cd KOLEKTIVU<\/strong><\/p>\n\n\n\n<figure class=\"wp-block-table\"><table><tbody><tr><td><strong>P\u0159\u00edjmen\u00ed a jm\u00e9no<\/strong><\/td><td><strong>Kvalifikace<\/strong><\/td><td><\/td><\/tr><tr><td>\u0160AFA\u0158\u00cdK Josef<\/td><td><img loading=\"lazy\" width=\"100\" height=\"72\" class=\"wp-image-246\" style=\"width: 100px;\" src=\"https:\/\/www.sdhceskabriza.cz\/wp-content\/uploads\/2020\/11\/vedouci_small-1.png\" alt=\"\"><\/td><td>II. vedouc\u00ed<\/td><\/tr><tr><td>ROLLINGEROV\u00c1 Jitka<\/td><td><img loading=\"lazy\" width=\"100\" height=\"72\" class=\"wp-image-245\" style=\"width: 100px;\" src=\"https:\/\/www.sdhceskabriza.cz\/wp-content\/uploads\/2020\/11\/minimum_small-1.png\" alt=\"\"><\/td><td>III. minimum<\/td><\/tr><tr><td>DUCHOSLAVOV\u00c1 Michaela<\/td><td><img loading=\"lazy\" width=\"100\" height=\"72\" class=\"wp-image-245\" style=\"width: 100px;\" src=\"https:\/\/www.sdhceskabriza.cz\/wp-content\/uploads\/2020\/11\/minimum_small-1.png\" alt=\"\"><\/td><td>III. minimum<\/td><\/tr><\/tbody><\/table><\/figure>\n\n\n\n<p><strong>KATEGORIE DOROST<\/strong><\/p>\n\n\n\n<figure class=\"wp-block-table is-style-regular\"><table><tbody><tr><td><img src=\"https:\/\/www.sdhceskabriza.cz\/wp-content\/uploads\/2021\/02\/duchoslavv-1.jpg\" alt=\"\"><\/td><td>DUCHOSLAV Vojt\u011bch<\/td><\/tr><tr><td><img src=\"https:\/\/www.sdhceskabriza.cz\/wp-content\/uploads\/2021\/02\/mackova.jpg\" alt=\"\"><\/td><td>MACKOV\u00c1 Karol\u00edna<\/td><\/tr><tr><td><img src=\"https:\/\/www.sdhceskabriza.cz\/wp-content\/uploads\/2021\/02\/uabrana.jpg\" alt=\"\"><\/td><td>Z\u00c1BRAN Adam<br><br><\/td><\/tr><tr><td><img src=\"https:\/\/www.sdhceskabriza.cz\/wp-content\/uploads\/2023\/08\/Skubal.jpg\" alt=\"\"><\/td><td>\u0160KUBAL ADAM<\/td><\/tr><\/tbody><\/table><\/figure>\n\n\n\n<p><strong>KATEGORIE MLAD\u0160\u00cd<\/strong><\/p>\n\n\n\n<figure class=\"wp-block-table\"><table><tbody><tr><td><img loading=\"lazy\" width=\"208\" height=\"260\" class=\"wp-image-281\" style=\"width: 150px;\" src=\"https:\/\/www.sdhceskabriza.cz\/wp-content\/uploads\/2021\/02\/sommer.jpg\" alt=\"\"><\/td><td>SOMMER Vojt\u011bch<\/td><\/tr><tr><td><img loading=\"lazy\" width=\"208\" height=\"260\" class=\"wp-image-272\" style=\"width: 150px;\" src=\"https:\/\/www.sdhceskabriza.cz\/wp-content\/uploads\/2021\/02\/kramer.jpg\" alt=\"\"><\/td><td>KRAMER Jakub<\/td><\/tr><tr><td><img loading=\"lazy\" width=\"208\" height=\"260\" class=\"wp-image-285\" style=\"width: 150px;\" src=\"https:\/\/www.sdhceskabriza.cz\/wp-content\/uploads\/2021\/02\/zemlicka.jpg\" alt=\"\"><\/td><td>\u017dEMLI\u010cKA Ond\u0159ej<\/td><\/tr><\/tbody><\/table><\/figure>\n\n\n\n<p><strong>KATEGORIE STAR\u0160\u00cd<\/strong><\/p>\n\n\n\n<figure class=\"wp-block-table\"><table><tbody><tr><td><img src=\"https:\/\/www.sdhceskabriza.cz\/wp-content\/uploads\/2021\/02\/safarik.jpg\" alt=\"\" style=\"width: 150px;\"><\/td><td>\u0160AFA\u0158\u00cdK Tobias<\/td><\/tr><tr><td><img loading=\"lazy\" width=\"208\" height=\"260\" class=\"wp-image-290\" style=\"width: 150px;\" src=\"https:\/\/www.sdhceskabriza.cz\/wp-content\/uploads\/2021\/02\/duchoslavs-1.jpg\" alt=\"\">&nbsp;<\/td><td>DUCHOSLAV \u0160imon<\/td><\/tr><tr><td><img loading=\"lazy\" width=\"208\" height=\"260\" class=\"wp-image-271\" style=\"width: 150px;\" src=\"https:\/\/www.sdhceskabriza.cz\/wp-content\/uploads\/2021\/02\/komancova.jpg\" alt=\"\"><\/td><td>KOMANCOV\u00c1 Tereza<\/td><\/tr><tr><td>\u00a0<img src=\"https:\/\/www.sdhceskabriza.cz\/wp-content\/uploads\/2021\/02\/zabranh.jpg\" alt=\"\" style=\"width: 150px;\"><\/td><td>Z\u00c1BRAN Jan<\/td><\/tr><tr><td><img loading=\"lazy\" width=\"208\" height=\"260\" class=\"wp-image-268\" style=\"width: 150px;\" src=\"https:\/\/www.sdhceskabriza.cz\/wp-content\/uploads\/2021\/02\/hotek.jpg\" alt=\"\"><\/td><td>HOT\u011aK V\u00e1clav<\/td><\/tr><tr><td><img loading=\"lazy\" width=\"208\" height=\"260\" class=\"wp-image-274\" style=\"width: 150px;\" src=\"https:\/\/www.sdhceskabriza.cz\/wp-content\/uploads\/2021\/02\/milerova.jpg\" alt=\"\"><\/td><td>MILEROV\u00c1 Magda<\/td><\/tr><tr><td><img loading=\"lazy\" width=\"208\" height=\"260\" class=\"wp-image-269\" style=\"width: 150px;\" src=\"https:\/\/www.sdhceskabriza.cz\/wp-content\/uploads\/2021\/02\/hotkova.jpg\" alt=\"\"><\/td><td>HO\u0164KOV\u00c1 Viktorie<\/td><\/tr><\/tbody><\/table><\/figure>\n\n\n\n<p><\/p>\n","protected":false},"excerpt":{"rendered":"<p>VEDOUC\u00cd KOLEKTIVU P\u0159\u00edjmen\u00ed a jm\u00e9no Kvalifikace \u0160AFA\u0158\u00cdK Josef II. vedouc\u00ed ROLLINGEROV\u00c1 Jitka III. minimum DUCHOSLAVOV\u00c1 Michaela III. minimum KATEGORIE DOROST DUCHOSLAV Vojt\u011bch MACKOV\u00c1 Karol\u00edna Z\u00c1BRAN Adam \u0160KUBAL ADAM KATEGORIE MLAD\u0160\u00cd SOMMER Vojt\u011bch KRAMER Jakub \u017dEMLI\u010cKA Ond\u0159ej KATEGORIE STAR\u0160\u00cd \u0160AFA\u0158\u00cdK Tobias &nbsp; DUCHOSLAV \u0160imon KOMANCOV\u00c1 Tereza \u00a0 Z\u00c1BRAN Jan HOT\u011aK V\u00e1clav MILEROV\u00c1 Magda HO\u0164KOV\u00c1 Viktorie<\/p>\n","protected":false},"author":1,"featured_media":0,"parent":0,"menu_order":0,"comment_status":"closed","ping_status":"closed","template":"","meta":[],"_links":{"self":[{"href":"https:\/\/www.sdhceskabriza.cz\/index.php?rest_route=\/wp\/v2\/pages\/204"}],"collection":[{"href":"https:\/\/www.sdhceskabriza.cz\/index.php?rest_route=\/wp\/v2\/pages"}],"about":[{"href":"https:\/\/www.sdhceskabriza.cz\/index.php?rest_route=\/wp\/v2\/types\/page"}],"author":[{"embeddable":true,"href":"https:\/\/www.sdhceskabriza.cz\/index.php?rest_route=\/wp\/v2\/users\/1"}],"replies":[{"embeddable":true,"href":"https:\/\/www.sdhceskabriza.cz\/index.php?rest_route=%2Fwp%2Fv2%2Fcomments&post=204"}],"version-history":[{"count":14,"href":"https:\/\/www.sdhceskabriza.cz\/index.php?rest_route=\/wp\/v2\/pages\/204\/revisions"}],"predecessor-version":[{"id":763,"href":"https:\/\/www.sdhceskabriza.cz\/index.php?rest_route=\/wp\/v2\/pages\/204\/revisions\/763"}],"wp:attachment":[{"href":"https:\/\/www.sdhceskabriza.cz\/index.php?rest_route=%2Fwp%2Fv2%2Fmedia&parent=204"}],"curies":[{"name":"wp","href":"https:\/\/api.w.org\/{rel}","templated":true}]}}