{"id":30,"date":"2020-09-28T22:44:53","date_gmt":"2020-09-28T20:44:53","guid":{"rendered":"https:\/\/www.sdhceskabriza.cz\/?page_id=30"},"modified":"2020-09-28T22:44:53","modified_gmt":"2020-09-28T20:44:53","slug":"rok-2015","status":"publish","type":"page","link":"https:\/\/www.sdhceskabriza.cz\/?page_id=30","title":{"rendered":"Rok 2015"},"content":{"rendered":"\n<h1>Rok 2015<\/h1>\n\n\n\n<p>Rok 2015&nbsp;za\u010d\u00edn\u00e1me Valnou hromadou sboru, kter\u00e1 se konala 17.1. v KD, za \u00fa\u010dasti skoro v\u0161ech \u010dlen\u016f SDH a 15 host\u016f z \u0159ad obyvatel obce a \u010dlen\u016f SDH z okoln\u00edch obc\u00ed. VH prob\u011bhla dle programu a byli zde ocen\u011bni na\u0161i veter\u00e1ni medailemi, kter\u00e9 byly vyd\u00e1ny ke 150.let\u016fm zalo\u017een\u00ed dobrovoln\u00e9ho hasi\u010dstva.<\/p>\n\n\n\n<p>V sobotu 21. \u00fanora se uskute\u010dnil Hasi\u010dsk\u00fd ples, kde hr\u00e1l op\u011bt Tandem V. Koko\u0161ky. I letos byla \u00fa\u010dast obyvatel velmi slab\u00e1, ale ti co p\u0159i\u0161li se skv\u011ble bavili.<\/p>\n\n\n\n<p>V dubnu jsme se z\u00fa\u010dastnili \u0161kolen\u00ed velitel\u016f jednotek v Plzni na Ko\u0161utce.<\/p>\n\n\n\n<p>V sobotu 9. kv\u011btna se tradi\u010dn\u011b konala akce No\u010dn\u00ed j\u00edzka, kter\u00e1 op\u011bt vedla p\u0159es okoln\u00ed vesnice. T\u00e9to akce se z\u00fa\u010dastnilo 13 dru\u017estev z 9 sbor\u016f.<\/p>\n\n\n\n<p>V sobotu 23. kv\u011btna jsme \u010distili koupali\u0161t\u011b, nat\u00edrali z\u00e1bradl\u00ed a ud\u011blali nov\u00e9 schody. O t\u00fdden pozd\u011bji jsme tuto akci zopakovali na koupali\u0161ti v m\u00edstn\u00edch chat\u00e1ch.<\/p>\n\n\n\n<p>V sobotu 13. \u010dervna se na m\u00edstn\u00edm h\u0159i\u0161ti konalo okrskov\u00e9 cvi\u010den\u00ed za \u00fa\u010dasti v\u0161ech sbor\u016f z okrsku a host\u016f ze Zru\u010de a Sence. Na\u0161e dru\u017estvo obsadilo 3. m\u00edsto. O m\u011bs\u00edc pozd\u011bji jsme se z\u00fa\u010dastnili oslav SDH v Chotin\u00e9.<\/p>\n\n\n\n<p>3. srpna byl vyhl\u00e1\u0161en poplach na\u0161\u00ed jednotce &#8211; ho\u0159el les nad chatami.<\/p>\n\n\n\n<p>11. srpna jsme vyjeli k ni\u010div\u00e9mu po\u017e\u00e1ru do H. Hradi\u0161t\u011b, kde jsme byli sou\u010d\u00e1st\u00ed d\u00e1lkov\u00e9 dopravy vody po dobu 16 hodin.<\/p>\n\n\n\n<p>V z\u00e1\u0159\u00ed jsme prov\u00e1d\u011bli prol\u00e9v\u00e1n\u00ed doutnaj\u00edc\u00edch \u0161t\u011bpk\u016f na Mas\u0148\u00e1ku.<\/p>\n\n\n\n<p>Koncem prosince prob\u00edhaj\u00ed p\u0159\u00edpravy na VVH, kter\u00e1 se bude konat 9. ledna 2016 od 15 hodin v m\u00edstn\u00edm KD.<\/p>\n","protected":false},"excerpt":{"rendered":"<p>Rok 2015 Rok 2015&nbsp;za\u010d\u00edn\u00e1me Valnou hromadou sboru, kter\u00e1 se konala 17.1. v KD, za \u00fa\u010dasti skoro v\u0161ech \u010dlen\u016f SDH a 15 host\u016f z \u0159ad obyvatel obce a \u010dlen\u016f SDH z okoln\u00edch obc\u00ed. VH prob\u011bhla dle programu a byli zde ocen\u011bni na\u0161i veter\u00e1ni medailemi, kter\u00e9 byly vyd\u00e1ny ke 150.let\u016fm zalo\u017een\u00ed dobrovoln\u00e9ho hasi\u010dstva. V sobotu 21. \u00fanora &hellip; <a href=\"https:\/\/www.sdhceskabriza.cz\/?page_id=30\">Continue reading <span class=\"meta-nav\">&rarr;<\/span><\/a><\/p>\n","protected":false},"author":1,"featured_media":0,"parent":0,"menu_order":0,"comment_status":"closed","ping_status":"closed","template":"","meta":[],"_links":{"self":[{"href":"https:\/\/www.sdhceskabriza.cz\/index.php?rest_route=\/wp\/v2\/pages\/30"}],"collection":[{"href":"https:\/\/www.sdhceskabriza.cz\/index.php?rest_route=\/wp\/v2\/pages"}],"about":[{"href":"https:\/\/www.sdhceskabriza.cz\/index.php?rest_route=\/wp\/v2\/types\/page"}],"author":[{"embeddable":true,"href":"https:\/\/www.sdhceskabriza.cz\/index.php?rest_route=\/wp\/v2\/users\/1"}],"replies":[{"embeddable":true,"href":"https:\/\/www.sdhceskabriza.cz\/index.php?rest_route=%2Fwp%2Fv2%2Fcomments&post=30"}],"version-history":[{"count":1,"href":"https:\/\/www.sdhceskabriza.cz\/index.php?rest_route=\/wp\/v2\/pages\/30\/revisions"}],"predecessor-version":[{"id":31,"href":"https:\/\/www.sdhceskabriza.cz\/index.php?rest_route=\/wp\/v2\/pages\/30\/revisions\/31"}],"wp:attachment":[{"href":"https:\/\/www.sdhceskabriza.cz\/index.php?rest_route=%2Fwp%2Fv2%2Fmedia&parent=30"}],"curies":[{"name":"wp","href":"https:\/\/api.w.org\/{rel}","templated":true}]}}