{"id":450,"date":"2022-04-07T07:18:43","date_gmt":"2022-04-07T05:18:43","guid":{"rendered":"https:\/\/www.sdhceskabriza.cz\/?page_id=450"},"modified":"2022-11-15T20:04:20","modified_gmt":"2022-11-15T19:04:20","slug":"2022-2","status":"publish","type":"page","link":"https:\/\/www.sdhceskabriza.cz\/?page_id=450","title":{"rendered":"2022"},"content":{"rendered":"\n<p><strong>PO\u017d\u00c1RN\u00cd OCHRANA O\u010cIMA D\u011aT\u00cd A&nbsp;ML\u00c1DE\u017dE 2022 \u2013 DOPLN\u011aN\u00cd 2<\/strong><\/p>\n\n\n\n<p>Op\u011bt m\u00e1me novinky z&nbsp;leto\u0161n\u00edho ro\u010dn\u00edku sout\u011b\u017ee Po\u017e\u00e1rn\u00ed ochrana o\u010dima d\u011bt\u00ed a ml\u00e1de\u017ee.<\/p>\n\n\n\n<p>Jak jsme psali p\u0159ed n\u011bjak\u00fdm \u010dasem, Tob\u00edkovo obr\u00e1zek se \u201eprobojoval\u201c do krajsk\u00e9ho kola.<\/p>\n\n\n\n<p>Z&nbsp;obdr\u017een\u00fdch v\u00fdsledk\u016f jsme se dozv\u011bd\u011bli, \u017ee tento Tob\u00edk\u016fv obr\u00e1zek vyhr\u00e1l i toto kolo a postoupil do kola republikov\u00e9ho\u2026 Historie se opakuje a ji\u017e druh\u00fd rok m\u00e1me z&nbsp;na\u0161eho sboru z\u00e1stupce v&nbsp;kole nejvy\u0161\u0161\u00edm.<\/p>\n\n\n\n<p>V\u0161ichni budeme dr\u017eet palce, aby se i v\u00a0tomto kole Tob\u00edkovi da\u0159ilo\u2026<\/p>\n\n\n\n<figure class=\"wp-block-image size-large\"><img loading=\"lazy\" width=\"567\" height=\"425\" src=\"https:\/\/www.sdhceskabriza.cz\/wp-content\/uploads\/2022\/11\/obrazek-9.png\" alt=\"\" class=\"wp-image-554\" srcset=\"https:\/\/www.sdhceskabriza.cz\/wp-content\/uploads\/2022\/11\/obrazek-9.png 567w, https:\/\/www.sdhceskabriza.cz\/wp-content\/uploads\/2022\/11\/obrazek-9-300x225.png 300w\" sizes=\"(max-width: 567px) 100vw, 567px\" \/><\/figure>\n\n\n\n<hr class=\"wp-block-separator\"\/>\n\n\n\n<p><strong>SOUT\u011a\u017d HROMNICE<\/strong><\/p>\n\n\n\n<p>Dne 11. \u010dervna 2022 jsme se vydali spole\u010dn\u011b s&nbsp;na\u0161imi dosp\u011bl\u00fdmi na sout\u011b\u017e do Hromnice. Celkem se n\u00e1m povedlo d\u00e1t dohromady 3 dru\u017estva \u2013 1 dru\u017estvo slo\u017een\u00e9 z&nbsp;na\u0161ich nejmlad\u0161\u00edch \u010dlen\u016f, 1 dru\u017estvo mlad\u0161\u00edch a 1 dru\u017estvo star\u0161\u00edch.<\/p>\n\n\n\n<p>I p\u0159es velmi tepl\u00e9 po\u010das\u00ed, kter\u00e9 n\u00e1s celou sout\u011b\u017e\u00ed prov\u00e1zelo, se n\u00e1m zada\u0159ilo a ka\u017ed\u00e9 dru\u017estvo si dom\u016f odvezlo sv\u016fj poh\u00e1r J.<\/p>\n\n\n\n<p><strong>Dru\u017estvo nejmlad\u0161\u00edm \u2013 2. m\u00edsto<\/strong><\/p>\n\n\n\n<figure class=\"wp-block-image size-large\"><img loading=\"lazy\" width=\"529\" height=\"397\" src=\"https:\/\/www.sdhceskabriza.cz\/wp-content\/uploads\/2022\/11\/obrazek-4.png\" alt=\"\" class=\"wp-image-549\" srcset=\"https:\/\/www.sdhceskabriza.cz\/wp-content\/uploads\/2022\/11\/obrazek-4.png 529w, https:\/\/www.sdhceskabriza.cz\/wp-content\/uploads\/2022\/11\/obrazek-4-300x225.png 300w\" sizes=\"(max-width: 529px) 100vw, 529px\" \/><\/figure>\n\n\n\n<p><strong>Dru\u017estvo mlad\u0161\u00edch \u2013 1. m\u00edsto<\/strong><\/p>\n\n\n\n<figure class=\"wp-block-image size-large\"><img loading=\"lazy\" width=\"529\" height=\"397\" src=\"https:\/\/www.sdhceskabriza.cz\/wp-content\/uploads\/2022\/11\/obrazek-5.png\" alt=\"\" class=\"wp-image-550\" srcset=\"https:\/\/www.sdhceskabriza.cz\/wp-content\/uploads\/2022\/11\/obrazek-5.png 529w, https:\/\/www.sdhceskabriza.cz\/wp-content\/uploads\/2022\/11\/obrazek-5-300x225.png 300w\" sizes=\"(max-width: 529px) 100vw, 529px\" \/><\/figure>\n\n\n\n<p><strong>Dru\u017estvo star\u0161\u00edch \u2013 2. m\u00edsto<\/strong><\/p>\n\n\n\n<figure class=\"wp-block-image size-large\"><img loading=\"lazy\" width=\"529\" height=\"397\" src=\"https:\/\/www.sdhceskabriza.cz\/wp-content\/uploads\/2022\/11\/obrazek-6.png\" alt=\"\" class=\"wp-image-551\" srcset=\"https:\/\/www.sdhceskabriza.cz\/wp-content\/uploads\/2022\/11\/obrazek-6.png 529w, https:\/\/www.sdhceskabriza.cz\/wp-content\/uploads\/2022\/11\/obrazek-6-300x225.png 300w\" sizes=\"(max-width: 529px) 100vw, 529px\" \/><\/figure>\n\n\n\n<hr class=\"wp-block-separator\"\/>\n\n\n\n<p><strong>VELIKONO\u010cN\u00cd KOLEDA<\/strong><\/p>\n\n\n\n<p>Nep\u0159\u00edjemn\u00e1 situace, kter\u00e1 n\u00e1s ji\u017e dva roky nep\u0159\u00edjemn\u011b ovliv\u0148ovala, je snad \u00fasp\u011b\u0161n\u011b za n\u00e1mi a pomalu se m\u016f\u017eeme za\u010d\u00edt op\u011bt v\u011bnovat tradi\u010dn\u00edm akc\u00edm\u2026<\/p>\n\n\n\n<p>Jako prvn\u00ed se n\u00e1m naskytlo Velikono\u010dn\u00ed koledov\u00e1n\u00ed\u2026 Rozd\u011blili jsme se do n\u011bkolika skupin d\u011bt\u00ed, vyzbrojili jsme se poml\u00e1zkami a ko\u0161\u00edky a vydali se nap\u0159\u00ed\u010d celou na\u0161\u00ed vesnic\u00ed, abychom obe\u0161li co nejv\u00edce dom\u016f a vykoledovali co nejv\u00edce dobrot J<\/p>\n\n\n\n<p>Cel\u00fdm dnem n\u00e1s prov\u00e1zelo slun\u00ed\u010dkov\u00e9 po\u010das\u00ed, tak\u017ee jsme si to moc u\u017eili\u2026<\/p>\n\n\n\n<figure class=\"wp-block-gallery columns-3 is-cropped\"><ul class=\"blocks-gallery-grid\"><li class=\"blocks-gallery-item\"><figure><img loading=\"lazy\" width=\"580\" height=\"435\" src=\"https:\/\/www.sdhceskabriza.cz\/wp-content\/uploads\/2022\/11\/Obrazek11.jpg\" alt=\"\" data-id=\"542\" data-full-url=\"https:\/\/www.sdhceskabriza.cz\/wp-content\/uploads\/2022\/11\/Obrazek11.jpg\" data-link=\"https:\/\/www.sdhceskabriza.cz\/?attachment_id=542\" class=\"wp-image-542\" srcset=\"https:\/\/www.sdhceskabriza.cz\/wp-content\/uploads\/2022\/11\/Obrazek11.jpg 580w, https:\/\/www.sdhceskabriza.cz\/wp-content\/uploads\/2022\/11\/Obrazek11-300x225.jpg 300w\" sizes=\"(max-width: 580px) 100vw, 580px\" \/><\/figure><\/li><li class=\"blocks-gallery-item\"><figure><img loading=\"lazy\" width=\"580\" height=\"435\" src=\"https:\/\/www.sdhceskabriza.cz\/wp-content\/uploads\/2022\/11\/Obrazek12.jpg\" alt=\"\" data-id=\"543\" data-full-url=\"https:\/\/www.sdhceskabriza.cz\/wp-content\/uploads\/2022\/11\/Obrazek12.jpg\" data-link=\"https:\/\/www.sdhceskabriza.cz\/?attachment_id=543\" class=\"wp-image-543\" srcset=\"https:\/\/www.sdhceskabriza.cz\/wp-content\/uploads\/2022\/11\/Obrazek12.jpg 580w, https:\/\/www.sdhceskabriza.cz\/wp-content\/uploads\/2022\/11\/Obrazek12-300x225.jpg 300w\" sizes=\"(max-width: 580px) 100vw, 580px\" \/><\/figure><\/li><li class=\"blocks-gallery-item\"><figure><img loading=\"lazy\" width=\"580\" height=\"435\" src=\"https:\/\/www.sdhceskabriza.cz\/wp-content\/uploads\/2022\/11\/Obrazek13.jpg\" alt=\"\" data-id=\"544\" data-full-url=\"https:\/\/www.sdhceskabriza.cz\/wp-content\/uploads\/2022\/11\/Obrazek13.jpg\" data-link=\"https:\/\/www.sdhceskabriza.cz\/?attachment_id=544\" class=\"wp-image-544\" srcset=\"https:\/\/www.sdhceskabriza.cz\/wp-content\/uploads\/2022\/11\/Obrazek13.jpg 580w, https:\/\/www.sdhceskabriza.cz\/wp-content\/uploads\/2022\/11\/Obrazek13-300x225.jpg 300w\" sizes=\"(max-width: 580px) 100vw, 580px\" \/><\/figure><\/li><li class=\"blocks-gallery-item\"><figure><img loading=\"lazy\" width=\"580\" height=\"435\" src=\"https:\/\/www.sdhceskabriza.cz\/wp-content\/uploads\/2022\/11\/Obrazek14.jpg\" alt=\"\" data-id=\"545\" data-full-url=\"https:\/\/www.sdhceskabriza.cz\/wp-content\/uploads\/2022\/11\/Obrazek14.jpg\" data-link=\"https:\/\/www.sdhceskabriza.cz\/?attachment_id=545\" class=\"wp-image-545\" srcset=\"https:\/\/www.sdhceskabriza.cz\/wp-content\/uploads\/2022\/11\/Obrazek14.jpg 580w, https:\/\/www.sdhceskabriza.cz\/wp-content\/uploads\/2022\/11\/Obrazek14-300x225.jpg 300w\" sizes=\"(max-width: 580px) 100vw, 580px\" \/><\/figure><\/li><li class=\"blocks-gallery-item\"><figure><img loading=\"lazy\" width=\"580\" height=\"435\" src=\"https:\/\/www.sdhceskabriza.cz\/wp-content\/uploads\/2022\/11\/Obrazek15.jpg\" alt=\"\" data-id=\"546\" data-full-url=\"https:\/\/www.sdhceskabriza.cz\/wp-content\/uploads\/2022\/11\/Obrazek15.jpg\" data-link=\"https:\/\/www.sdhceskabriza.cz\/?attachment_id=546\" class=\"wp-image-546\" srcset=\"https:\/\/www.sdhceskabriza.cz\/wp-content\/uploads\/2022\/11\/Obrazek15.jpg 580w, https:\/\/www.sdhceskabriza.cz\/wp-content\/uploads\/2022\/11\/Obrazek15-300x225.jpg 300w\" sizes=\"(max-width: 580px) 100vw, 580px\" \/><\/figure><\/li><li class=\"blocks-gallery-item\"><figure><img loading=\"lazy\" width=\"580\" height=\"435\" src=\"https:\/\/www.sdhceskabriza.cz\/wp-content\/uploads\/2022\/11\/Obrazek16.jpg\" alt=\"\" data-id=\"547\" data-full-url=\"https:\/\/www.sdhceskabriza.cz\/wp-content\/uploads\/2022\/11\/Obrazek16.jpg\" data-link=\"https:\/\/www.sdhceskabriza.cz\/?attachment_id=547\" class=\"wp-image-547\" srcset=\"https:\/\/www.sdhceskabriza.cz\/wp-content\/uploads\/2022\/11\/Obrazek16.jpg 580w, https:\/\/www.sdhceskabriza.cz\/wp-content\/uploads\/2022\/11\/Obrazek16-300x225.jpg 300w\" sizes=\"(max-width: 580px) 100vw, 580px\" \/><\/figure><\/li><li class=\"blocks-gallery-item\"><figure><img loading=\"lazy\" width=\"580\" height=\"435\" src=\"https:\/\/www.sdhceskabriza.cz\/wp-content\/uploads\/2022\/11\/Obrazek17.jpg\" alt=\"\" data-id=\"548\" data-full-url=\"https:\/\/www.sdhceskabriza.cz\/wp-content\/uploads\/2022\/11\/Obrazek17.jpg\" data-link=\"https:\/\/www.sdhceskabriza.cz\/?attachment_id=548\" class=\"wp-image-548\" srcset=\"https:\/\/www.sdhceskabriza.cz\/wp-content\/uploads\/2022\/11\/Obrazek17.jpg 580w, https:\/\/www.sdhceskabriza.cz\/wp-content\/uploads\/2022\/11\/Obrazek17-300x225.jpg 300w\" sizes=\"(max-width: 580px) 100vw, 580px\" \/><\/figure><\/li><\/ul><\/figure>\n\n\n\n<hr class=\"wp-block-separator\"\/>\n\n\n\n<p><\/p>\n\n\n\n<p><strong>MA\u0160KARN\u00cd PLES<\/strong><\/p>\n\n\n\n<p>Po ro\u010dn\u00ed odmlce jsme op\u011bt uspo\u0159\u00e1dali v&nbsp;na\u0161em kulturn\u00edm dom\u011b ma\u0161karn\u00ed ples pro d\u011bti.<\/p>\n\n\n\n<p>20. \u00fanora se zde se\u0161lo 45 nejr\u016fzn\u011bj\u0161\u00edch masek, jejich pestrost byla opravdu velik\u00e1 J<\/p>\n\n\n\n<p>Cel\u00fdm odpolednem n\u00e1s provedla hudba skupiny TANDEM. Hr\u00e1li opravdu velmi p\u011bkn\u011b, tak\u017ee jsme se mohli za rytm\u016f hudby \u0159\u00e1dn\u011b vyblbnout\u2026<\/p>\n\n\n\n<figure class=\"wp-block-gallery columns-3 is-cropped\"><ul class=\"blocks-gallery-grid\"><li class=\"blocks-gallery-item\"><figure><img loading=\"lazy\" width=\"283\" height=\"378\" src=\"https:\/\/www.sdhceskabriza.cz\/wp-content\/uploads\/2022\/11\/Obrazek2.jpg\" alt=\"\" data-id=\"532\" data-full-url=\"https:\/\/www.sdhceskabriza.cz\/wp-content\/uploads\/2022\/11\/Obrazek2.jpg\" data-link=\"https:\/\/www.sdhceskabriza.cz\/?attachment_id=532\" class=\"wp-image-532\" srcset=\"https:\/\/www.sdhceskabriza.cz\/wp-content\/uploads\/2022\/11\/Obrazek2.jpg 283w, https:\/\/www.sdhceskabriza.cz\/wp-content\/uploads\/2022\/11\/Obrazek2-225x300.jpg 225w\" sizes=\"(max-width: 283px) 100vw, 283px\" \/><\/figure><\/li><li class=\"blocks-gallery-item\"><figure><img loading=\"lazy\" width=\"283\" height=\"378\" src=\"https:\/\/www.sdhceskabriza.cz\/wp-content\/uploads\/2022\/11\/Obrazek3.jpg\" alt=\"\" data-id=\"533\" data-full-url=\"https:\/\/www.sdhceskabriza.cz\/wp-content\/uploads\/2022\/11\/Obrazek3.jpg\" data-link=\"https:\/\/www.sdhceskabriza.cz\/?attachment_id=533\" class=\"wp-image-533\" srcset=\"https:\/\/www.sdhceskabriza.cz\/wp-content\/uploads\/2022\/11\/Obrazek3.jpg 283w, https:\/\/www.sdhceskabriza.cz\/wp-content\/uploads\/2022\/11\/Obrazek3-225x300.jpg 225w\" sizes=\"(max-width: 283px) 100vw, 283px\" \/><\/figure><\/li><li class=\"blocks-gallery-item\"><figure><img loading=\"lazy\" width=\"283\" height=\"378\" src=\"https:\/\/www.sdhceskabriza.cz\/wp-content\/uploads\/2022\/11\/Obrazek4.jpg\" alt=\"\" data-id=\"534\" data-full-url=\"https:\/\/www.sdhceskabriza.cz\/wp-content\/uploads\/2022\/11\/Obrazek4.jpg\" data-link=\"https:\/\/www.sdhceskabriza.cz\/?attachment_id=534\" class=\"wp-image-534\" srcset=\"https:\/\/www.sdhceskabriza.cz\/wp-content\/uploads\/2022\/11\/Obrazek4.jpg 283w, https:\/\/www.sdhceskabriza.cz\/wp-content\/uploads\/2022\/11\/Obrazek4-225x300.jpg 225w\" sizes=\"(max-width: 283px) 100vw, 283px\" \/><\/figure><\/li><li class=\"blocks-gallery-item\"><figure><img loading=\"lazy\" width=\"283\" height=\"378\" src=\"https:\/\/www.sdhceskabriza.cz\/wp-content\/uploads\/2022\/11\/Obrazek5.jpg\" alt=\"\" data-id=\"535\" data-full-url=\"https:\/\/www.sdhceskabriza.cz\/wp-content\/uploads\/2022\/11\/Obrazek5.jpg\" data-link=\"https:\/\/www.sdhceskabriza.cz\/?attachment_id=535\" class=\"wp-image-535\" srcset=\"https:\/\/www.sdhceskabriza.cz\/wp-content\/uploads\/2022\/11\/Obrazek5.jpg 283w, https:\/\/www.sdhceskabriza.cz\/wp-content\/uploads\/2022\/11\/Obrazek5-225x300.jpg 225w\" sizes=\"(max-width: 283px) 100vw, 283px\" \/><\/figure><\/li><li class=\"blocks-gallery-item\"><figure><img loading=\"lazy\" width=\"283\" height=\"378\" src=\"https:\/\/www.sdhceskabriza.cz\/wp-content\/uploads\/2022\/11\/Obrazek6.jpg\" alt=\"\" data-id=\"536\" data-full-url=\"https:\/\/www.sdhceskabriza.cz\/wp-content\/uploads\/2022\/11\/Obrazek6.jpg\" data-link=\"https:\/\/www.sdhceskabriza.cz\/?attachment_id=536\" class=\"wp-image-536\" srcset=\"https:\/\/www.sdhceskabriza.cz\/wp-content\/uploads\/2022\/11\/Obrazek6.jpg 283w, https:\/\/www.sdhceskabriza.cz\/wp-content\/uploads\/2022\/11\/Obrazek6-225x300.jpg 225w\" sizes=\"(max-width: 283px) 100vw, 283px\" \/><\/figure><\/li><li class=\"blocks-gallery-item\"><figure><img loading=\"lazy\" width=\"283\" height=\"378\" src=\"https:\/\/www.sdhceskabriza.cz\/wp-content\/uploads\/2022\/11\/Obrazek7.jpg\" alt=\"\" data-id=\"537\" data-full-url=\"https:\/\/www.sdhceskabriza.cz\/wp-content\/uploads\/2022\/11\/Obrazek7.jpg\" data-link=\"https:\/\/www.sdhceskabriza.cz\/?attachment_id=537\" class=\"wp-image-537\" srcset=\"https:\/\/www.sdhceskabriza.cz\/wp-content\/uploads\/2022\/11\/Obrazek7.jpg 283w, https:\/\/www.sdhceskabriza.cz\/wp-content\/uploads\/2022\/11\/Obrazek7-225x300.jpg 225w\" sizes=\"(max-width: 283px) 100vw, 283px\" \/><\/figure><\/li><li class=\"blocks-gallery-item\"><figure><img loading=\"lazy\" width=\"283\" height=\"378\" src=\"https:\/\/www.sdhceskabriza.cz\/wp-content\/uploads\/2022\/11\/Obrazek8.jpg\" alt=\"\" data-id=\"538\" data-full-url=\"https:\/\/www.sdhceskabriza.cz\/wp-content\/uploads\/2022\/11\/Obrazek8.jpg\" data-link=\"https:\/\/www.sdhceskabriza.cz\/?attachment_id=538\" class=\"wp-image-538\" srcset=\"https:\/\/www.sdhceskabriza.cz\/wp-content\/uploads\/2022\/11\/Obrazek8.jpg 283w, https:\/\/www.sdhceskabriza.cz\/wp-content\/uploads\/2022\/11\/Obrazek8-225x300.jpg 225w\" sizes=\"(max-width: 283px) 100vw, 283px\" \/><\/figure><\/li><li class=\"blocks-gallery-item\"><figure><img loading=\"lazy\" width=\"283\" height=\"378\" src=\"https:\/\/www.sdhceskabriza.cz\/wp-content\/uploads\/2022\/11\/Obrazek9.jpg\" alt=\"\" data-id=\"539\" data-full-url=\"https:\/\/www.sdhceskabriza.cz\/wp-content\/uploads\/2022\/11\/Obrazek9.jpg\" data-link=\"https:\/\/www.sdhceskabriza.cz\/?attachment_id=539\" class=\"wp-image-539\" srcset=\"https:\/\/www.sdhceskabriza.cz\/wp-content\/uploads\/2022\/11\/Obrazek9.jpg 283w, https:\/\/www.sdhceskabriza.cz\/wp-content\/uploads\/2022\/11\/Obrazek9-225x300.jpg 225w\" sizes=\"(max-width: 283px) 100vw, 283px\" \/><\/figure><\/li><li class=\"blocks-gallery-item\"><figure><img loading=\"lazy\" width=\"283\" height=\"378\" src=\"https:\/\/www.sdhceskabriza.cz\/wp-content\/uploads\/2022\/11\/Obrazek10.jpg\" alt=\"\" data-id=\"540\" data-full-url=\"https:\/\/www.sdhceskabriza.cz\/wp-content\/uploads\/2022\/11\/Obrazek10.jpg\" data-link=\"https:\/\/www.sdhceskabriza.cz\/?attachment_id=540\" class=\"wp-image-540\" srcset=\"https:\/\/www.sdhceskabriza.cz\/wp-content\/uploads\/2022\/11\/Obrazek10.jpg 283w, https:\/\/www.sdhceskabriza.cz\/wp-content\/uploads\/2022\/11\/Obrazek10-225x300.jpg 225w\" sizes=\"(max-width: 283px) 100vw, 283px\" \/><\/figure><\/li><\/ul><\/figure>\n\n\n\n<hr class=\"wp-block-separator\"\/>\n\n\n\n<p><strong>PO\u017d\u00c1RN\u00cd OCHRANA O\u010cIMA D\u011aT\u00cd A\u00a0ML\u00c1DE\u017dE 2022 &#8211; DOPLN\u011aN\u00cd<\/strong><\/p>\n\n\n\n<p>Ji\u017e se k&nbsp;n\u00e1m dostaly v\u00fdsledky okresn\u00edho kola\u2026 Nedopadlo to tak \u00fasp\u011b\u0161n\u011b, jako v&nbsp;lo\u0148sk\u00e9m roce, kdy se do prvn\u00edch t\u0159ech m\u00edst v&nbsp;r\u016fzn\u00fdch kategori\u00edch probojovalo v\u00edce na\u0161ich obr\u00e1zk\u016f, ale i tak op\u011bt slav\u00edme \u00fasp\u011bch:<\/p>\n\n\n\n<p>V&nbsp;kategorii Z\u01601 se na 1. m\u00edst\u011b um\u00edstil obr\u00e1zek od Tob\u00edka \u0160afa\u0159\u00edka a v&nbsp;kategorii Z\u01602 se na 2. m\u00edst\u011b um\u00edstil obr\u00e1zek od Honz\u00edka Z\u00e1brana. Tob\u00edkovo obr\u00e1zek se probojoval do kola krajsk\u00e9ho, tak uvid\u00edme, jestli i zde budeme slavit \u00fasp\u011bch.<\/p>\n\n\n\n<p>Ob\u011bma moc gratulujeme J<\/p>\n\n\n\n<figure class=\"wp-block-image size-large\"><img loading=\"lazy\" width=\"567\" height=\"425\" src=\"https:\/\/www.sdhceskabriza.cz\/wp-content\/uploads\/2022\/04\/obrazek-34.png\" alt=\"\" class=\"wp-image-451\" srcset=\"https:\/\/www.sdhceskabriza.cz\/wp-content\/uploads\/2022\/04\/obrazek-34.png 567w, https:\/\/www.sdhceskabriza.cz\/wp-content\/uploads\/2022\/04\/obrazek-34-300x225.png 300w\" sizes=\"(max-width: 567px) 100vw, 567px\" \/><figcaption>Tob\u00edk \u0160afa\u0159\u00edk<\/figcaption><\/figure>\n\n\n\n<figure class=\"wp-block-image size-large\"><img loading=\"lazy\" width=\"567\" height=\"425\" src=\"https:\/\/www.sdhceskabriza.cz\/wp-content\/uploads\/2022\/04\/obrazek-35.png\" alt=\"\" class=\"wp-image-452\" srcset=\"https:\/\/www.sdhceskabriza.cz\/wp-content\/uploads\/2022\/04\/obrazek-35.png 567w, https:\/\/www.sdhceskabriza.cz\/wp-content\/uploads\/2022\/04\/obrazek-35-300x225.png 300w\" sizes=\"(max-width: 567px) 100vw, 567px\" \/><figcaption>Honz\u00edk Z\u00e1bran<\/figcaption><\/figure>\n\n\n\n<hr class=\"wp-block-separator is-style-wide\"\/>\n\n\n\n<p><strong>PO\u017d\u00c1RN\u00cd OCHRANA O\u010cIMA D\u011aT\u00cd A&nbsp;ML\u00c1DE\u017dE 2022<\/strong><\/p>\n\n\n\n<p>Jako v&nbsp;lo\u0148sk\u00e9m roce se i v&nbsp;leto\u0161n\u00edm n\u011bkte\u0159\u00ed na\u0161i mlad\u00ed \u010dlenov\u00e9 kolektivu zapojili do ka\u017edoro\u010dn\u00ed sout\u011b\u017ee Po\u017e\u00e1rn\u00ed ochrana o\u010dima d\u011bt\u00ed a ml\u00e1de\u017ee.<\/p>\n\n\n\n<p>Obr\u00e1zky namalovali kr\u00e1sn\u00e9, v\u0161echny byly p\u0159ed\u00e1ny rad\u011b prevence Okresn\u00edho sdru\u017een\u00ed hasi\u010d\u016f Plze\u0148-sever, kter\u00e1 je za\u0159ad\u00ed do okresn\u00edho kola.<\/p>\n\n\n\n<p>Tak budeme v\u0161ichni pevn\u011b v\u011b\u0159it, \u017ee se jich op\u011bt co nejv\u00edc probojuje do prvn\u00edch m\u00edst v&nbsp;r\u00e1mci okresu a t\u0159eba i n\u011bkter\u00e9 postoup\u00ed do kol dal\u0161\u00edch.<\/p>\n\n\n\n<figure class=\"wp-block-image size-large\"><img loading=\"lazy\" width=\"567\" height=\"425\" src=\"https:\/\/www.sdhceskabriza.cz\/wp-content\/uploads\/2022\/04\/obrazek-36.png\" alt=\"\" class=\"wp-image-455\" srcset=\"https:\/\/www.sdhceskabriza.cz\/wp-content\/uploads\/2022\/04\/obrazek-36.png 567w, https:\/\/www.sdhceskabriza.cz\/wp-content\/uploads\/2022\/04\/obrazek-36-300x225.png 300w\" sizes=\"(max-width: 567px) 100vw, 567px\" \/><figcaption>Kuba Kramer<\/figcaption><\/figure>\n\n\n\n<figure class=\"wp-block-image size-large\"><img loading=\"lazy\" width=\"567\" height=\"425\" src=\"https:\/\/www.sdhceskabriza.cz\/wp-content\/uploads\/2022\/04\/obrazek-37.png\" alt=\"\" class=\"wp-image-456\" srcset=\"https:\/\/www.sdhceskabriza.cz\/wp-content\/uploads\/2022\/04\/obrazek-37.png 567w, https:\/\/www.sdhceskabriza.cz\/wp-content\/uploads\/2022\/04\/obrazek-37-300x225.png 300w\" sizes=\"(max-width: 567px) 100vw, 567px\" \/><figcaption>Vojta Sommer<\/figcaption><\/figure>\n\n\n\n<figure class=\"wp-block-image size-large\"><img loading=\"lazy\" width=\"567\" height=\"425\" src=\"https:\/\/www.sdhceskabriza.cz\/wp-content\/uploads\/2022\/04\/obrazek-38.png\" alt=\"\" class=\"wp-image-457\" srcset=\"https:\/\/www.sdhceskabriza.cz\/wp-content\/uploads\/2022\/04\/obrazek-38.png 567w, https:\/\/www.sdhceskabriza.cz\/wp-content\/uploads\/2022\/04\/obrazek-38-300x225.png 300w\" sizes=\"(max-width: 567px) 100vw, 567px\" \/><figcaption>Tob\u00edk \u015aafa\u0159\u00edk<\/figcaption><\/figure>\n\n\n\n<figure class=\"wp-block-image size-large\"><img loading=\"lazy\" width=\"567\" height=\"425\" src=\"https:\/\/www.sdhceskabriza.cz\/wp-content\/uploads\/2022\/04\/obrazek-39.png\" alt=\"\" class=\"wp-image-458\" srcset=\"https:\/\/www.sdhceskabriza.cz\/wp-content\/uploads\/2022\/04\/obrazek-39.png 567w, https:\/\/www.sdhceskabriza.cz\/wp-content\/uploads\/2022\/04\/obrazek-39-300x225.png 300w\" sizes=\"(max-width: 567px) 100vw, 567px\" \/><figcaption>Honz\u00edk Z\u00e1bran<\/figcaption><\/figure>\n\n\n\n<figure class=\"wp-block-image size-large\"><img loading=\"lazy\" width=\"567\" height=\"319\" src=\"https:\/\/www.sdhceskabriza.cz\/wp-content\/uploads\/2022\/04\/obrazek-40.png\" alt=\"\" class=\"wp-image-459\" srcset=\"https:\/\/www.sdhceskabriza.cz\/wp-content\/uploads\/2022\/04\/obrazek-40.png 567w, https:\/\/www.sdhceskabriza.cz\/wp-content\/uploads\/2022\/04\/obrazek-40-300x169.png 300w\" sizes=\"(max-width: 567px) 100vw, 567px\" \/><figcaption>\u0160imon Duchoslav<\/figcaption><\/figure>\n","protected":false},"excerpt":{"rendered":"<p>PO\u017d\u00c1RN\u00cd OCHRANA O\u010cIMA D\u011aT\u00cd A&nbsp;ML\u00c1DE\u017dE 2022 \u2013 DOPLN\u011aN\u00cd 2 Op\u011bt m\u00e1me novinky z&nbsp;leto\u0161n\u00edho ro\u010dn\u00edku sout\u011b\u017ee Po\u017e\u00e1rn\u00ed ochrana o\u010dima d\u011bt\u00ed a ml\u00e1de\u017ee. Jak jsme psali p\u0159ed n\u011bjak\u00fdm \u010dasem, Tob\u00edkovo obr\u00e1zek se \u201eprobojoval\u201c do krajsk\u00e9ho kola. Z&nbsp;obdr\u017een\u00fdch v\u00fdsledk\u016f jsme se dozv\u011bd\u011bli, \u017ee tento Tob\u00edk\u016fv obr\u00e1zek vyhr\u00e1l i toto kolo a postoupil do kola republikov\u00e9ho\u2026 Historie se opakuje &hellip; <a href=\"https:\/\/www.sdhceskabriza.cz\/?page_id=450\">Continue reading <span class=\"meta-nav\">&rarr;<\/span><\/a><\/p>\n","protected":false},"author":1,"featured_media":0,"parent":0,"menu_order":0,"comment_status":"closed","ping_status":"closed","template":"","meta":[],"_links":{"self":[{"href":"https:\/\/www.sdhceskabriza.cz\/index.php?rest_route=\/wp\/v2\/pages\/450"}],"collection":[{"href":"https:\/\/www.sdhceskabriza.cz\/index.php?rest_route=\/wp\/v2\/pages"}],"about":[{"href":"https:\/\/www.sdhceskabriza.cz\/index.php?rest_route=\/wp\/v2\/types\/page"}],"author":[{"embeddable":true,"href":"https:\/\/www.sdhceskabriza.cz\/index.php?rest_route=\/wp\/v2\/users\/1"}],"replies":[{"embeddable":true,"href":"https:\/\/www.sdhceskabriza.cz\/index.php?rest_route=%2Fwp%2Fv2%2Fcomments&post=450"}],"version-history":[{"count":5,"href":"https:\/\/www.sdhceskabriza.cz\/index.php?rest_route=\/wp\/v2\/pages\/450\/revisions"}],"predecessor-version":[{"id":555,"href":"https:\/\/www.sdhceskabriza.cz\/index.php?rest_route=\/wp\/v2\/pages\/450\/revisions\/555"}],"wp:attachment":[{"href":"https:\/\/www.sdhceskabriza.cz\/index.php?rest_route=%2Fwp%2Fv2%2Fmedia&parent=450"}],"curies":[{"name":"wp","href":"https:\/\/api.w.org\/{rel}","templated":true}]}}