{"id":64,"date":"2020-09-29T08:45:48","date_gmt":"2020-09-29T06:45:48","guid":{"rendered":"https:\/\/www.sdhceskabriza.cz\/?page_id=64"},"modified":"2021-12-13T14:18:53","modified_gmt":"2021-12-13T13:18:53","slug":"kontakt","status":"publish","type":"page","link":"https:\/\/www.sdhceskabriza.cz\/?page_id=64","title":{"rendered":"Kontakt"},"content":{"rendered":"\n<p> <strong>SH \u010cMS &#8211; Sbor dobrovoln\u00fdch hasi\u010d\u016f \u010cesk\u00e1 B\u0159\u00edza <\/strong><\/p>\n\n\n\n<figure class=\"wp-block-table\"><table><tbody><tr><td><strong>I\u010cO:<\/strong><\/td><td>70930341<\/td><\/tr><tr><td><strong>FORMA:<\/strong><\/td><td>Pobo\u010dn\u00fd spolek<\/td><\/tr><tr><td><strong>ADRESA:<\/strong><\/td><td>\u010cesk\u00e1 B\u0159\u00edza 160, 330 11 \u010cesk\u00e1 B\u0159\u00edza<\/td><\/tr><tr><td><strong>DATOV\u00c1 SCHR\u00c1NKA:<\/strong><\/td><td>buat6nd<\/td><\/tr><\/tbody><\/table><\/figure>\n\n\n\n<p><strong>Starosta sboru \u2013 Ji\u0159\u00ed Macek<\/strong><\/p>\n\n\n\n<p>email: jirka.macek@sdhceskabriza.cz<br>\nmobil: <a href=\"tel:+420737230136\">\n+420 737 230 136\n<\/a><\/p>\n\n\n\n<p><strong>Velitel \u2013 Karel \u0160kubal<\/strong><\/p>\n\n\n\n<p>email: karel.skubal@sdhceskabriza.cz<br>\nmobil: <a href=\"tel:+420603358214\">\n+420 603 358 214\n<\/a><\/p>\n\n\n\n<p><strong>Jednatel \u2013 Milan Pond\u011bl\u00edk<\/strong><\/p>\n\n\n\n<p>email: milan.pondelik@sdhceskabriza.cz<br>\nmobil: <a href=\"tel:+420725171759\">\n+420 725 171 759\n<\/a><\/p>\n\n\n\n<iframe style=\"border:none\" src=\"https:\/\/frame.mapy.cz\/s\/gakukutopa\" width=\"1200\" height=\"600\" frameborder=\"0\"><\/iframe>\n","protected":false},"excerpt":{"rendered":"<p>SH \u010cMS &#8211; Sbor dobrovoln\u00fdch hasi\u010d\u016f \u010cesk\u00e1 B\u0159\u00edza I\u010cO: 70930341 FORMA: Pobo\u010dn\u00fd spolek ADRESA: \u010cesk\u00e1 B\u0159\u00edza 160, 330 11 \u010cesk\u00e1 B\u0159\u00edza DATOV\u00c1 SCHR\u00c1NKA: buat6nd Starosta sboru \u2013 Ji\u0159\u00ed Macek email: jirka.macek@sdhceskabriza.cz mobil: +420 737 230 136 Velitel \u2013 Karel \u0160kubal email: karel.skubal@sdhceskabriza.cz mobil: +420 603 358 214 Jednatel \u2013 Milan Pond\u011bl\u00edk email: milan.pondelik@sdhceskabriza.cz mobil: +420 &hellip; <a href=\"https:\/\/www.sdhceskabriza.cz\/?page_id=64\">Continue reading <span class=\"meta-nav\">&rarr;<\/span><\/a><\/p>\n","protected":false},"author":1,"featured_media":0,"parent":0,"menu_order":0,"comment_status":"closed","ping_status":"closed","template":"template-full-width.php","meta":[],"_links":{"self":[{"href":"https:\/\/www.sdhceskabriza.cz\/index.php?rest_route=\/wp\/v2\/pages\/64"}],"collection":[{"href":"https:\/\/www.sdhceskabriza.cz\/index.php?rest_route=\/wp\/v2\/pages"}],"about":[{"href":"https:\/\/www.sdhceskabriza.cz\/index.php?rest_route=\/wp\/v2\/types\/page"}],"author":[{"embeddable":true,"href":"https:\/\/www.sdhceskabriza.cz\/index.php?rest_route=\/wp\/v2\/users\/1"}],"replies":[{"embeddable":true,"href":"https:\/\/www.sdhceskabriza.cz\/index.php?rest_route=%2Fwp%2Fv2%2Fcomments&post=64"}],"version-history":[{"count":8,"href":"https:\/\/www.sdhceskabriza.cz\/index.php?rest_route=\/wp\/v2\/pages\/64\/revisions"}],"predecessor-version":[{"id":375,"href":"https:\/\/www.sdhceskabriza.cz\/index.php?rest_route=\/wp\/v2\/pages\/64\/revisions\/375"}],"wp:attachment":[{"href":"https:\/\/www.sdhceskabriza.cz\/index.php?rest_route=%2Fwp%2Fv2%2Fmedia&parent=64"}],"curies":[{"name":"wp","href":"https:\/\/api.w.org\/{rel}","templated":true}]}}